ns digit of f?
8
Let o be (-1)/4 - (4 + 260/(-16)). Let q be (-25434)/(-39) + o/(-78). Suppose -q - 238 = -5*m. What is the hundreds digit of m?
1
Let u = -27 + 14. Let t = 291 + u. What is the units digit of t?
8
Let m = 136666 - 81568. What is the thousands digit of m?
5
Suppose 10136 = a + u - 19981, 8 = 2*u. What is the thousands digit of a?
0
Suppose 2*g + 59016 = 54*g - 102548. What is the thousands digit of g?
3
Let k = 34113 - 18680. What is the tens digit of k?
3
Let x = -166 + 127. Let f = -158 - -264. Let h = x + f. What is the tens digit of h?
6
Let y(h) = h + 8. Let a be y(6). Let q = a - 8. Suppose 0*d - 198 = -q*d. What is the units digit of d?
3
Let q(b) = 72*b**3 - 38*b**2 + 16*b + 9 + 78*b**3 - 149*b**3. What is the units digit of q(38)?
7
Let d = -29 - -31. What is the units digit of (-552 - 11)/(-4 - (-6)/d)?
3
Suppose 16*u - 74 - 54 = 0. What is the hundreds digit of (10948/35)/(u/(-20)*-1)?
7
Let l(g) = -167*g**3 - 4*g**2 - 35*g - 87. What is the tens digit of l(-4)?
7
Let z(d) = -2*d**2 - 13*d - 9. Let g be z(-6). Let v be (-1*2)/(4*g/(-18)). What is the tens digit of v*(832/6)/(-4)?
0
Suppose 5*u - j - 32556 = 0, 4*u = 1131*j - 1130*j + 26045. What is the units digit of u?
1
What is the units digit of ((-8)/(-20))/1 + 63512/20?
6
Suppose -s - 38290 = -4*v, -6 + 14 = -4*s. What is the units digit of v?
2
Let n(l) = 2093*l + 570. What is the ten thousands digit of n(14)?
2
Let n(m) = m**3 + 11*m**2 - 13*m - 57. Let r be n(-11). Let l be 1/4 - 79/(-4). Let o = r - l. What is the tens digit of o?
6
Let z(u) = 4 + 21*u - 3*u - 10*u - 7*u + 145*u**2. What is the tens digit of z(2)?
8
Suppose -447*v + 356*v = -31668. What is the hundreds digit of v?
3
Let o = -54890 + 125511. What is the tens digit of o?
2
Suppose -2*w = -7 + 45. Let n = w + 39. Let y = 54 - n. What is the units digit of y?
4
Let i = 78 + -76. Let v be 1/i*476/(-17). What is the units digit of (-24)/v*(-210)/(-12)?
0
Let n(g) = g**3 - 23*g**2 - 42. Let j(y) = -23*y**2 + 2*y - 41. Let z(d) = 3*j(d) - 2*n(d). What is the hundreds digit of z(-13)?
3
Let g be (1 + (-1 - 0))/(-1 + 3). Suppose g*a = -a - 36. Let z = a + 223. What is the units digit of z?
7
Let v(r) be the third derivative of -r**5/60 + r**4/24 + r**3 + 12*r**2. Let s be v(-6). Let z = 94 + s. What is the tens digit of z?
5
Let i = 2789 + 3592. Suppose 0 = -6*c + i - 327. What is the tens digit of c?
0
Let d(c) = -104*c - 221. Let r be d(-10). Suppose 46*m + r = 55*m. What is the tens digit of m?
9
Suppose -266 = -2*q + q. Suppose -2*w = 5*m - 75, -3*w = -78*m + 80*m - 129. Suppose -h + 37 + w = k, -3*k = -2*h - q. What is the tens digit of k?
8
Let u(j) = j**3 - 6*j**2 - 2*j - 10. Let s be u(7). Suppose -33*r + s*r = -4584. What is the tens digit of r?
7
Let r = 12707 + -12232. Let j be 1/(0 + (-2)/554). Let s = r + j. What is the hundreds digit of s?
1
Let q = -66 + 1. Let y = -153 - q. What is the tens digit of (y*(-2)/4)/(1/3)?
3
Suppose 9*m = -6*m - 8070. Let o = m - -1523. What is the units digit of o?
5
Let h be (-2 + -399 + 3)*1. Let p = 738 + h. Let m = p - 161. What is the units digit of m?
9
Let o be 10/((-10)/((-20)/4)). Suppose -4*l + 4*a - 12 = -a, -3*l = o*a - 26. What is the units digit of 87/(-2 - (l - 5))?
7
Let f(y) = -y**3 + 8*y**2 + 2*y + 5. Suppose 0 = i - 5*x + 5 - 16, 13 = -4*i + x. What is the hundreds digit of f(i)?
1
Let v(f) = -146*f**3 + 11*f**2 + 73*f + 11. What is the thousands digit of v(-4)?
9
What is the thousands digit of (-72)/1224 - (-285398)/34?
8
Suppose 2*m = 5*m + 60. Let g = -31 - m. What is the units digit of (1/1)/(g/(-946))?
6
Let z be -315 - -9*(3 - (-16)/(-6)). Let f = 1143 + z. What is the tens digit of f?
3
What is the ten thousands digit of (604/6*60/(-40))/1*-308?
4
Let o(r) = -158*r + 7365. What is the ten thousands digit of o(-116)?
2
Let p(g) be the first derivative of 21*g**2/2 - 15*g - 218. What is the tens digit of p(6)?
1
Suppose 0*a + 5*a - 2*s = -3206, -3*s + 9 = 0. Let t = a - -1293. What is the hundreds digit of t?
6
Suppose -3302*a - 2161144 = -3127*a - 7648619. What is the ten thousands digit of a?
3
Suppose 0 = -5*t + 25, -3*o - 5*t = -4 - 30. Suppose 0 = 3*g - 2*w + 7, g - 2*g + o*w - 7 = 0. Let c = 72 + g. What is the tens digit of c?
7
Suppose 5*k = 18 - 3. Suppose -1221 + 2940 = k*d. What is the hundreds digit of d?
5
Let k = -98 + 102. Let a be 0/((-2)/2*-2 - k). Suppose -4*p - 5*s + 749 = a, s = 2*p - 3*p + 188. What is the hundreds digit of p?
1
Suppose 4*b - 2*t - 50 = 0, -2*t - 8 = -2*b + 20. Suppose b*s + 13 = 156. Let q(y) = 2*y + 51. What is the tens digit of q(s)?
7
Let i(l) = 13*l + 8. Let y be i(7). Suppose y + 241 = 4*t. Suppose 5 = -2*g + t. What is the tens digit of g?
4
What is the ten thousands digit of (-48)/15*(-79550)/10?
2
Let p(i) be the third derivative of -i**5/60 - 5*i**4/24 + i**3 - 8*i**2. Let x be p(-6). Suppose 6*r - 4*r - 100 = x. What is the units digit of r?
0
Let j(v) = 5*v + 9. Let b be j(6). Suppose 46*a - 2170 = b*a. What is the tens digit of a?
1
Let p be (-1 + (-20)/25)/(6/20). Let r(a) = 7*a + 19. Let u(y) = -14*y - 39. Let m(d) = 5*r(d) + 3*u(d). What is the tens digit of m(p)?
2
Let u(f) = -f**2 + 13*f - 38. Let y be u(8). Suppose y*o - z = 97, -5*o + 101 = z - 124. Suppose o = 3*v - v. What is the units digit of v?
3
Let b = -775 + 1121. Let s = b + -164. What is the units digit of s?
2
What is the units digit of (-4)/(-6)*162/8*298?
3
Let k(i) = 19*i + 61. Let b be k(-3). Suppose 5*p = b*j - 1005, 4*p = 5*j + 97 - 1342. What is the hundreds digit of j?
2
What is the tens digit of 3/27 - (9 + (-3)/((-27)/(-280394)))?
4
Suppose 13*b = 15*b - 4*j - 390, 0 = 3*b - j - 590. Let a = -50 + b. What is the tens digit of a?
4
Suppose 114*o - 40*o + 97*o - 5192928 = 0. What is the thousands digit of o?
0
Suppose -240*j + 34*j = -1437880. What is the units digit of j?
0
Let n = -113 - -219. Suppose 7*p - 687 = -n. What is the units digit of p?
3
Suppose 240 = 41*j - 33*j. Suppose -j*b + 5*b + 7500 = 0. What is the hundreds digit of b?
3
Suppose -136*b - 81411 = -147*b. What is the thousands digit of b?
7
Suppose 27*u + 8*u - 48*u = -76674. What is the tens digit of u?
9
Let k(r) = 102*r**2 - 215*r + 40. What is the tens digit of k(15)?
6
Let n = 343 + -235. Let v = n + -364. Let x = v + 381. What is the tens digit of x?
2
Suppose 18 = -4*g + 94. Suppose 0 = -13*m + 3732 + 2183. Suppose 0 = g*z - 14*z - m. What is the tens digit of z?
9
Let g = -586 + 591. Suppose 822 + g = a - 2*k, a - 809 = -4*k. What is the hundreds digit of a?
8
Suppose -7*a + 1962 = -4*a. Suppose -p = -3*d - 146, -3*p - a = -8*p - 4*d. Suppose -4*t - p + 490 = 0. What is the units digit of t?
9
Let s(n) = -64 + 17*n + 4*n - 5 - 18*n. Let z be s(24). What is the units digit of (26/4 - z)*74?
9
Suppose -5*b + 4*k + 110 = 0, -70 = -6*b + b - 4*k. Let y = 18 - b. Suppose 7*g - 711 - 101 = y. What is the hundreds digit of g?
1
Suppose 41*x - 38*x = 2*w + 28831, 2*w = -4. What is the units digit of x?
9
Suppose 5*a = 5783 + 17127. What is the units digit of a?
2
Let b(q) = q**3 - 8*q**2 - 15*q + 6. Let w be b(12). Suppose -13*v - 3*n - w = -16*v, 0 = -2*v + 3*n + 272. What is the tens digit of v?
3
Suppose -4*q = -0*t - 2*t - 6, t - 9 = -4*q. Suppose 1 + 3 = 2*g. Suppose -q*k + g*l = 6*l - 240, 5*k + 3*l = 621. What is the hundreds digit of k?
1
Let s = 45 + -72. Let d = s - -31. Suppose 37 = -d*y + 221. What is the units digit of y?
6
Let x = 47 + 28. Let s be 20/(-25)*x/6. What is the units digit of 73 + ((-4)/s)/((-1)/(-5))?
5
Suppose 5*h - 6184 - 542 = p, 4*h = 3*p + 5383. What is the thousands digit of h?
1
Let g be 102/20 + 2/(-20). Suppose 1424 = 3*d - g*q, -3*d + q + 1817 = 397. What is the hundreds digit of d?
4
Let d(s) = -3*s + 14. Let v be ((-16)/24)/(1/(-30)). Let i be d(v). Let l = -10 - i. What is the units digit of l?
6
Let v(g) = g**3 - 12*g**2 + g + 11. Let o = -135 + 85. Let n = -38 - o. What is the units digit of v(n)?
3
Let i = -22782 - -45428. What is the hundreds digit of i?
6
Let x(s) = 2221*s - 674. What is the units digit of x(8)?
4
Suppose 0 = -5*d - 7 + 17. Let h(m) = -m - 11*m**2 + 13*m**d + 3*m - 21 - 10*m**2 + m**3. What is the tens digit of h(9)?
7
Let u = -58441 + 99336. What is the tens digit of u?
9